g. Calculate the remainder when g is divided by -4 - ((-9)/(-54))/((-4)/(-12))*408/(-12).
11
Calculate the remainder when 553 is divided by ((-65)/117 + 2/9)*-357.
77
Let l(s) be the second derivative of -s**5/20 + s**4/4 + 7*s**3/6 + 3*s**2 + 40*s. What is the remainder when l(-4) is divided by 19?
14
Let b be 212 + (-20)/(-8)*(-8)/(-10). Let j = b - 160. What is the remainder when j is divided by 17?
3
Suppose -2 - 3 = -5*n. Let t(g) = -g**2 + 7*g**2 + 29*g**2 - 1 + 8*g**2. What is the remainder when t(n) is divided by 15?
12
Let i be (-21)/(-14)*14/3. Let u(w) = -4*w + 0 - i + 5 + 8. Calculate the remainder when 94 is divided by u(-5).
16
Let l = -1241 + 1300. Suppose 0 = -4*z - 2*n + 4*n + 114, -5*n = -4*z + 105. What is the remainder when l is divided by z?
29
Let h be (28/(-5) - -6)*-10 - -308. Suppose 19*z = -19*z + h. What is the remainder when 71 is divided by z?
7
Suppose 0 = 2*m - t - 30, -24*t - 30 = -2*m - 27*t. Calculate the remainder when 776 is divided by m.
11
Suppose 164*g = -136*g + 87600. Calculate the remainder when g is divided by 19.
7
Let u(z) = z**3 + 18*z**2 + 26. Let v(h) = 11*h**3 + 2*h**2 - 2*h + 3. What is the remainder when v(2) is divided by u(-18)?
17
Suppose 5*u - 126*z + 124*z - 90 = 0, -54 = -3*u + 5*z. Let x be ((-96)/(-10))/(1/5). Calculate the remainder when x/(-9)*(-132)/8 is divided by u.
16
Let o = 5 + 46. Suppose 4*t + 991 = 5*q, 2*q + q = 5*t + 579. Calculate the remainder when q is divided by o.
50
Let w(t) = 2*t**3 + 2*t**2 - 2*t + 1. What is the remainder when (438/15)/(52/65) + (-28)/8 is divided by w(2)?
12
Suppose 216 = 6*a - 270. Suppose -4*d + a = -131. Calculate the remainder when 102 is divided by d.
49
Let q = 473 + -473. Suppose q = 4*i + 5*k - 926, 34*i + k + 685 = 37*i. Calculate the remainder when i is divided by 47.
41
Let p be (13*3)/(6 + 585/(-100)). Suppose v - p = -257. Calculate the remainder when 145 is divided by v.
1
Let f = -6183 + 9681. Calculate the remainder when f is divided by 25.
23
Let d be (-1*1)/((0 + -1)*1). Let q(a) = -a + 1. Let f(g) = 18*g - 5. Let j(z) = f(z) + 5*q(z). What is the remainder when j(d) is divided by 7?
6
Suppose -c - 413 = 3*i - 453, -2*i + 56 = 2*c. Let o(x) = -x**3 + 3*x - 3. What is the remainder when o(-5) is divided by c?
19
Let x = 607 + -602. Suppose x = -s, -b + 10*s = 11*s - 25. Calculate the remainder when b is divided by 20.
10
Suppose 0 = 6*n - 9 + 3. Calculate the remainder when (1 - 4)*1*-25 is divided by n + (-12)/15 - (-670)/25.
21
Let d(o) = 60*o**2 - 6*o - 5. Let q(a) = -2*a + 18. Let f be q(8). Calculate the remainder when d(-1) is divided by 14 - 4 - (-5 + f + 0).
9
Let p(d) = -d**2 + 64*d - 168. Let u be p(46). Let i = u + -205. What is the remainder when i is divided by 24?
23
Suppose -37*f + 10400 = 10067. Let t = -53 - -114. What is the remainder when t is divided by f?
7
Let u = -597 - -590. Calculate the remainder when (-9 + -2)/((-1)/4) is divided by (21/u - -2)*9/(-1).
8
Let g(a) be the second derivative of 5*a**3/6 - 53*a**2/2 + 13*a - 1. Calculate the remainder when 18 is divided by g(12).
4
Suppose -4*t = -4*c + 36, 4*c + t - 22 = -2*t. What is the remainder when ((-8)/7)/((18/c)/(-9)) is divided by 3?
1
Let z be (3/(-6))/((-5)/1040). Suppose l - g + 26 = 2*l, 0 = 4*l + g - z. Calculate the remainder when 30/25*(-2*(-157)/3 - -2) is divided by l.
24
Let t = 8 - -112. Suppose -29*j + 26*j = -t. Let q = 30 - 19. What is the remainder when j is divided by q?
7
Let x = 308 - 305. Calculate the remainder when (x - 86)/((-1)/18*3) is divided by 50.
48
Suppose 434*k - 274*k - 5243 = 3077. Calculate the remainder when 214 is divided by k.
6
Let z(j) = 14*j**3 - 12*j**2 - 17*j + 4. Let y be z(-2). Let s = y + 190. Calculate the remainder when s is divided by 4/3*45/6.
8
Calculate the remainder when 80 is divided by 25 - (-4)/(1 - 9)*(-23 + 11).
18
Let z be (0 + 1)*(7 + -3). Suppose -5*u - w + 75 = 0, -w = 5*u + z*w - 95. Let s = 18 + -14. Calculate the remainder when u is divided by s.
2
Let c = 8 - 5. Let t(b) = 0*b**3 - 1 - b**2 + b**2 + 0*b**2 + 19*b - b**3 - b**2. Calculate the remainder when t(-5) is divided by c.
1
Let v be (108/15 + -3)*-15. Let z be (v/(-42))/(6/296). Let f = -33 + z. Calculate the remainder when f is divided by 14.
13
Let s = -49 + 71. Let j = 591 + -588. Suppose 0 = 4*k - j*t - 13, 0 = -3*k + 12*t - 14*t + 14. What is the remainder when s is divided by k?
2
What is the remainder when 264 is divided by 86 + (-2 - -2 - (2 + -5 - -3))?
6
Let o = -193 + 196. Suppose -22 = -c + o*l - 5, -5*l = 4*c - 85. Let z(x) = 5*x**2 + 5*x + 9. Calculate the remainder when z(-6) is divided by c.
19
Calculate the remainder when 1178 is divided by ((-2)/(-4))/(44/9592).
88
What is the remainder when 260/1170 - 147614/(-18) is divided by 15?
11
Suppose 3*k - n - 440 = 3*n, -3*k - 3*n = -426. What is the remainder when 45 is divided by ((-12)/(-36))/(2/k)?
21
Suppose -25*c + 33 = -17. Suppose -4*b - c*n + 50 + 62 = 0, -137 = -5*b - n. Calculate the remainder when 214 is divided by b.
25
Suppose 3*c + 6*y - 2514 = 0, c + 5*y = -0*c + 823. What is the remainder when 2570 is divided by c?
26
Let o = -16141 + 16196. What is the remainder when 987 is divided by o?
52
Suppose -o - 45*h + 49*h + 447 = 0, 5*h - 35 = 0. Calculate the remainder when o is divided by 106.
51
Let q(z) = -6*z - 5. Let g(j) = j**3. Let x(w) = 6*w**3 + 15*w**2 + 27*w + 24. Let b(r) = -5*g(r) + x(r). What is the remainder when q(-6) is divided by b(-13)?
9
Suppose 10*k - 19131 = -11*k. What is the remainder when k is divided by 114?
113
Suppose 4*j - 10 = -k, 4*k = -5*j - 17 + 57. Suppose 20*y + 689458 - 691798 = 0. Calculate the remainder when y is divided by k.
7
Let l be (1*-1)/((-46)/230). Suppose 4*p - 344 = -j, l*p + 194 = 7*p - 5*j. Calculate the remainder when p is divided by 23.
18
Suppose k - 7 = 3*z, -k + 2 = -0*z + 2*z. Suppose k*s - 80 = -u + 155, 0 = u + 5. Calculate the remainder when s is divided by 11.
5
Let p(c) = -59*c - 1179. Calculate the remainder when p(-68) is divided by 134.
19
Suppose 3*c - 4*b = 55, 4*c = b + 88 - 19. Suppose -2*k = 2*k - 8. Suppose -k*w = 5*l - 33, -5*w + 2*w = 2*l - 33. What is the remainder when c is divided by w?
8
Let y = 11 + -20. Let o = 635 - 601. Let d = y + o. Calculate the remainder when d is divided by 15.
10
Let r(q) = 338*q + 10342. Calculate the remainder when r(-28) is divided by 69.
50
Suppose 86 + 10 = 12*w. What is the remainder when 551 is divided by w?
7
Suppose 12*z + 96 - 852 = 0. Let s = z - 61. Let r(u) = 4*u**2 + u - 1. Calculate the remainder when 37 is divided by r(s).
3
Suppose -4*c + 50684 = -w, 0 = -94*c + 93*c + 11*w + 12714. Calculate the remainder when c is divided by 144.
142
Suppose -1506*y - 4192 = -1538*y. What is the remainder when y is divided by 15?
11
Calculate the remainder when (2/(-10))/((-175)/5541375) is divided by 36.
33
Let g be 6*7/4*(-6)/(-21). Suppose g*p - 18 - 33 = 0. Let v(x) = -x**3 + 4*x**2 + 1. Calculate the remainder when p is divided by v(3).
7
Suppose -2*k + 6 = 0, -3*a + 2*k = 71 - 719. What is the remainder when a is divided by -4*((-16)/168 + -1 + (-1765)/210)?
28
Suppose -58*t = -33*t - 2400. What is the remainder when t is divided by 20?
16
Suppose 9*b - 11*b + 3977 = 3*l, 5291 = 4*l + 5*b. What is the remainder when l/9*6/2 is divided by 12?
11
Let x = -4 + 11. Let a = -7646 + 7643. Calculate the remainder when (11 - x) + (-9)/a is divided by 4.
3
Suppose -5 - 12 = -n. Suppose -7 + n = 2*z. Suppose -180*a - 305*a = 1094 - 4489. What is the remainder when a is divided by z?
2
Calculate the remainder when 711 is divided by (-61)/(10248/96) + (1 - 172/(-7)).
11
Suppose -15*o + 1309 = -4*o. Suppose 2*s - 5*f = 224, 0*s = -s - f + o. Calculate the remainder when s is divided by 60.
57
Let x(m) = 25*m - 181. Let u be x(8). Let a(k) = 9*k + 32. Let d = 0 + 17. Calculate the remainder when a(u) is divided by d.
16
Suppose 24721 + 2564 = 107*l. Calculate the remainder when l is divided by 104.
47
Suppose -4*a + 131 = 3*w - 228, 4*w - 458 = 5*a. Suppose -7*v + 3*v = -180. What is the remainder when w is divided by v?
27
What is the remainder when (-202)/((-9)/6 + (-105)/(-75)) is divided by 2015?
5
Let x(j) = j**2 + 13*j + 10. Suppose -29*f = -297 - 